t common divisor of 666 and 37035261.
333
What is the greatest common divisor of 2530845 and 120285?
1215
Calculate the highest common factor of 1085178 and 4602.
6
Calculate the highest common factor of 1317457 and 6909.
47
Calculate the highest common divisor of 115683 and 645.
3
What is the greatest common divisor of 54839000 and 39556?
3596
What is the highest common factor of 1236348 and 620736?
732
Calculate the greatest common factor of 341 and 44480931.
11
What is the greatest common factor of 323719 and 19591?
11
What is the greatest common factor of 3660714 and 6002424?
9558
Calculate the greatest common factor of 521724 and 252.
84
Calculate the highest common factor of 47 and 227.
1
What is the highest common factor of 18872 and 4779334?
4718
What is the highest common factor of 9529 and 10998?
13
What is the highest common divisor of 199016 and 2392?
8
What is the greatest common factor of 48234145 and 1630?
815
What is the highest common divisor of 1073493 and 1701?
81
What is the highest common divisor of 1458 and 759303?
9
Calculate the greatest common factor of 504 and 37796472.
504
Calculate the greatest common factor of 31058573 and 91.
91
What is the highest common factor of 2023 and 5914096?
289
Calculate the highest common factor of 524267616 and 48.
48
What is the greatest common divisor of 212 and 13296746?
106
What is the highest common factor of 46621050 and 11850?
150
Calculate the highest common divisor of 2806 and 402385.
23
What is the greatest common divisor of 13616 and 85055748?
3404
Calculate the greatest common factor of 11265 and 1905.
15
Calculate the greatest common divisor of 2381354 and 35289.
1307
Calculate the greatest common divisor of 735372 and 1180872.
1188
Calculate the greatest common factor of 6331 and 3234167.
487
Calculate the greatest common factor of 8 and 2609.
1
Calculate the greatest common divisor of 6650 and 44112300.
950
What is the greatest common factor of 9216 and 53956608?
3072
Calculate the highest common divisor of 1952 and 33441664.
1952
Calculate the highest common divisor of 17 and 259331243.
17
What is the highest common factor of 3480 and 165705?
15
What is the highest common factor of 18128 and 69026480?
1648
What is the highest common divisor of 7648776 and 97308?
1836
What is the greatest common factor of 305760 and 560280?
840
What is the highest common divisor of 33755 and 127170?
785
What is the greatest common divisor of 1968 and 406304?
16
What is the highest common factor of 10198188 and 198?
198
What is the greatest common divisor of 3004 and 2873326?
1502
What is the highest common divisor of 10825 and 1312856?
433
Calculate the greatest common factor of 46 and 176960137.
23
Calculate the highest common factor of 287 and 5655253.
41
What is the highest common divisor of 1150 and 1880075?
25
What is the greatest common divisor of 41290 and 9530?
10
Calculate the highest common divisor of 448232241 and 1017.
339
What is the highest common divisor of 4473 and 2346905?
71
What is the highest common factor of 120 and 28782570?
30
What is the greatest common divisor of 169555513 and 1297?
1297
Calculate the highest common factor of 3139 and 37247374.
3139
Calculate the greatest common divisor of 660 and 2226312.
132
What is the greatest common factor of 12885269 and 595?
17
Calculate the highest common factor of 5888844 and 396.
36
What is the highest common factor of 319 and 20438011?
319
What is the greatest common factor of 124061 and 273?
7
What is the greatest common factor of 993968 and 253598?
1702
What is the greatest common divisor of 146739 and 262195?
41
What is the highest common factor of 2560 and 579489920?
640
Calculate the highest common divisor of 1862691 and 2142633.
10767
What is the highest common factor of 19223 and 5211069?
409
What is the highest common factor of 827041025 and 2525?
2525
What is the highest common factor of 4 and 2225756?
4
What is the greatest common divisor of 40086 and 2856717?
1179
Calculate the highest common factor of 161285305 and 2055.
685
Calculate the highest common divisor of 110268714 and 3324.
1662
Calculate the highest common factor of 9 and 2074449.
3
Calculate the highest common factor of 10128348 and 244098.
3438
What is the highest common divisor of 1867360 and 105380?
220
Calculate the highest common factor of 2798712 and 17528.
56
What is the greatest common divisor of 161 and 12546362?
23
What is the greatest common factor of 274432 and 7280?
16
Calculate the highest common factor of 675490151 and 2116.
529
Calculate the greatest common divisor of 1706446 and 98.
14
Calculate the highest common divisor of 1408 and 6315298.
22
Calculate the highest common divisor of 324 and 22544406.
162
Calculate the highest common divisor of 125057187 and 414.
207
What is the highest common divisor of 25613 and 553?
7
What is the greatest common divisor of 165 and 12428735?
55
What is the highest common divisor of 76 and 4955612?
4
What is the highest common divisor of 45358832 and 349?
349
Calculate the greatest common divisor of 8334981 and 510.
51
Calculate the greatest common factor of 1394 and 12150002.
34
What is the greatest common factor of 26445404 and 68?
68
Calculate the greatest common divisor of 78 and 44561283.
39
What is the highest common factor of 1400 and 122702450?
50
Calculate the greatest common divisor of 42 and 10455746.
14
Calculate the greatest common divisor of 41292440 and 1780.
1780
Calculate the greatest common divisor of 3920 and 462728.
56
What is the greatest common factor of 4062858 and 37996?
2714
Calculate the highest common factor of 77346 and 8039687.
4297
What is the highest common divisor of 9003887 and 2747?
41
Calculate the highest common factor of 1360790691 and 2301.
2301
Calculate the greatest common divisor of 275953 and 5887857.
2579
Calculate the greatest common divisor of 75 and 456611085.
15
Calculate the greatest common divisor of 16641701 and 1619.
1619
What is the greatest common factor of 207400 and 1495320?
680
Calculate the greatest common factor of 27600 and 10534.
46
Calculate the greatest common divisor of 3648210 and 5585.
5
What is the highest common factor of 50046 and 1702?
2
Calculate the highest common factor of 2916267 and 136231.
2309
What is the greatest common divisor of 254275389 and 63?
9
Calculate the highest common factor of 155620 and 46700.
20
What is the greatest common divisor of 42370 and 6527210?
2230
Calculate the highest common divisor of 10458393 and 6204.
1551
Calculate the greatest common factor of 15770768 and 3120.
208
Calculate the greatest common factor of 627520 and 1651680.
5920
What is the greatest common factor of 18371736 and 1880?
376
Calculate the greatest common divisor of 554192700 and 90.
30
Calculate the highest common factor of 47986890 and 1830.
30
What is the greatest common factor of 754566 and 694602?
114
Calculate the highest common divisor of 609341199 and 1821.
1821
Calculate the greatest common divisor of 233 and 34730048.
233
What is the highest common divisor of 49186 and 22?
2
Calculate the greatest common factor of 17 and 105401921.
17
Calculate the greatest common factor of 670208 and 5368.
88
What is the highest common factor of 10309 and 190259?
61
Calculate the greatest common divisor of 22411290 and 2034.
678
Calculate the greatest common factor of 432397 and 62048.
1939
Calculate the highest common factor of 35640471 and 53949.
1101
What is the highest common factor of 14403483 and 51?
3
Calculate the greatest common factor of 1168 and 851600.
16
Calculate the highest common divisor of 44707 and 673075.
247
What is the greatest common factor of 3447 and 1377376389?
3447
What is the greatest common factor of 62148076 and 6640?
332
What is the highest common divisor of 25226075 and 2350?
1175
What is the highest common divisor of 22 and 210191146?
22
What is the highest common divisor of 306 and 1330083?
9
What is the highest common factor of 91980 and 5460?
420
What is the highest common divisor of 7437227 and 96102?
5339
Calculate the highest common factor of 4080736 and 66.
22
Calculate the greatest common factor of 79380 and 816804.
324
Calculate the greatest common divisor of 192 and 6430224.
48
What is